**2 + 29*v + 179. What is w(-20)?
-1
Let m(d) = d**3 + 6*d**2 - 41*d - 33. Give m(-10).
-23
Let c(p) = p**3 - 8*p**2 + 5*p + 20. Give c(7).
6
Let c(a) = -8*a - 62. Determine c(-7).
-6
Let c(h) = -4*h + 72. What is c(19)?
-4
Let k(v) = -5*v**2 - 7*v - 14. Give k(-2).
-20
Let p(k) = k**2 - 9*k + 5. Calculate p(9).
5
Let j(k) = -k**3 + 22*k**2 + 5*k - 38. Determine j(22).
72
Let z(b) = -3*b + 10. Give z(7).
-11
Let o(p) = -8*p + 4. Give o(-6).
52
Let b(q) = -2*q**3 - 39*q**2 + 22*q + 45. What is b(-20)?
5
Let b(m) = m**2 + 2. Determine b(3).
11
Let t(m) = -16*m**3 - 2*m**2 - 4*m - 3. Give t(-1).
15
Let r(l) = 14*l - 2. Determine r(1).
12
Let q(d) = -5*d**2 - 2*d - 1. Determine q(-3).
-40
Let h(z) = 30*z + 24. What is h(-1)?
-6
Let s(c) = -c**2 - 17*c - 78. Give s(-12).
-18
Let n(s) = s**2 + s + 3. Calculate n(-2).
5
Let p(h) = -h**3 + 7*h**2 - 34*h + 122. Give p(5).
2
Let t(i) = i**2 + i - 18. Give t(4).
2
Let c(f) = 3*f - 9. Calculate c(8).
15
Let z(y) = -3*y + 85. What is z(29)?
-2
Let x(b) = -b**3 + 22*b**2 - b + 18. Calculate x(22).
-4
Let h(u) = 9*u + 2. What is h(1)?
11
Let r(v) = 2*v**2 + 48*v - 1. Determine r(-24).
-1
Let q(w) = -55*w + 8. What is q(-3)?
173
Let z(b) = -b + 14. Give z(20).
-6
Let z(n) = 7*n + 15. Calculate z(4).
43
Let g(a) = -11*a**2 + 2*a - 3. Calculate g(3).
-96
Let z(l) = -l - 12. Determine z(-16).
4
Let d(h) = 3*h + 52. Determine d(0).
52
Let l(q) = -8*q**2 - 8*q - 4. What is l(-4)?
-100
Let m(g) = 5*g + 90. Calculate m(-19).
-5
Let d(p) = -p**2 - 2*p + 2. Determine d(-3).
-1
Let x(q) = -q + 6. Calculate x(4).
2
Let j(f) = f**3 - 19*f**2 + 20*f - 37. What is j(18)?
-1
Let b(w) = 5*w + 23. Give b(-6).
-7
Let a(j) = j**2 - 8*j + 4. Calculate a(6).
-8
Let b(f) = -17*f + 59. Calculate b(4).
-9
Let f(b) = -b**3 - b**2 - 3*b - 4. Calculate f(-2).
6
Let r(l) = l**3 - 7*l**2 - 7*l + 70. What is r(5)?
-15
Let o(h) = -2*h**2 - 2*h + 9. What is o(-4)?
-15
Let s(z) = -z**3 - 15*z**2 - 4. What is s(-15)?
-4
Let z(m) = -m**2 - 3*m - 4. Calculate z(-4).
-8
Let u(f) = f**2 + f + 2. Calculate u(3).
14
Let y(v) = -48*v - 1238. Give y(-26).
10
Let j(w) = w - 11. Give j(-8).
-19
Let v(i) = 3*i**2 - 25*i - 15. Give v(9).
3
Let v(x) = 6*x + 22. Determine v(-3).
4
Let q(d) = -10*d**2 - 9*d - 10. Give q(-1).
-11
Let n(v) = 8*v. What is n(-1)?
-8
Let k(y) = -y**3 - 12*y**2 - 18*y - 3. Give k(-11).
74
Let v(r) = 10*r - 10. Determine v(2).
10
Let w(s) = s**3 - 7*s**2 + 6*s. Give w(5).
-20
Let w(a) = a**2 + 5*a + 8. Determine w(-5).
8
Let n(x) = x - 8. Calculate n(19).
11
Let k(t) = 2*t**2 - 4*t - 3. Calculate k(-3).
27
Let q(w) = w - 13. Give q(9).
-4
Let o(l) = l**2 - 11*l + 3. Give o(11).
3
Let t(d) = -19*d + 9. Determine t(6).
-105
Let d(p) = -p**2 + 8*p - 3. Give d(8).
-3
Let s(j) = -16*j + 1. What is s(-2)?
33
Let h(u) = u**3 - 5*u**2 + 10*u - 31. Give h(5).
19
Let t(s) = -19*s + 1. What is t(2)?
-37
Let p(t) = -t**3 - 12*t**2 + 11*t - 34. What is p(-13)?
-8
Let q(i) = 3*i**2 + 2*i - 3. Calculate q(2).
13
Let f(w) = w**3 - 13*w**2 + 42*w - 3. Give f(6).
-3
Let i(w) = -w**2 - 19*w - 61. What is i(-21)?
-103
Let q(s) = -81*s**2 - 2. Calculate q(1).
-83
Let t(d) = 71*d**2 + d - 1. Calculate t(1).
71
Let a(h) = -h**3 - 11*h**2 + 5*h + 16. Give a(-11).
-39
Let n(c) = -c**3 + 3*c**2 - c - 4. What is n(3)?
-7
Let o(f) = 42*f**3 - f**2 + 3*f + 3. Give o(-1).
-43
Let u(t) = 4*t**2 - t + 1. Give u(-1).
6
Let s(y) = -y**2 - 4*y + 14. Calculate s(-6).
2
Let g(z) = -2*z**2 - 25*z - 2. Determine g(-12).
10
Let z(b) = 10*b - 71. Give z(8).
9
Let v(p) = 7*p**2 - p. What is v(-1)?
8
Let f(w) = -3*w**3 - 2*w**2 - 2*w + 1. Give f(-2).
21
Let w(b) = -3*b**3 - 12*b**2 + 5*b + 21. Give w(-4).
1
Let a(u) = u**3 - 7*u**2 - 27. Give a(7).
-27
Let c(q) = q + 11. What is c(9)?
20
Let x(i) = i**3 + 14*i**2 - 3*i. Give x(-14).
42
Let a(x) = -x**3 + 7*x**2 + 7*x - 7. Determine a(6).
71
Let m(f) = 48*f + 286. Determine m(-6).
-2
Let p(i) = i**2 + 13*i - 2. Give p(-12).
-14
Let q(u) = u**3 - 2*u**2 + u. Determine q(-2).
-18
Let c(k) = -k**2 - 15*k - 40. Determine c(-11).
4
Let x(l) = l**3 - 5*l**2 - 5*l - 6. What is x(6)?
0
Let x(v) = 38*v - 112. Determine x(3).
2
Let w(j) = -49*j - 800. Determine w(-16).
-16
Let h(v) = -v**2 - 12*v - 10. Calculate h(-5).
25
Let p(m) = -4*m**3 - m**2 - m - 1. Determine p(-2).
29
Let d(u) = -u**2 - 4*u - 6. Determine d(-5).
-11
Let v(t) = -t**3 - 8*t**2 - 3*t + 8. Calculate v(-8).
32
Let l(y) = 26*y**3 - y**2. Calculate l(1).
25
Let g(x) = 2*x + 8. Determine g(-5).
-2
Let f(v) = -3*v**2 + 2*v - 3. Calculate f(2).
-11
Let b(q) = -q**3 - 8*q**2 - 5*q + 16. What is b(-7)?
2
Let s(x) = 38*x + 83. Determine s(-2).
7
Let v(y) = -y**2 - y - 4. What is v(-7)?
-46
Let n(l) = -l**3 + 3*l**2 + 4*l. Calculate n(5).
-30
Let p(b) = b**3 + 20*b**2 + 20*b + 52. Determine p(-19).
33
Let u(o) = -o**2 - 13*o + 11. Give u(-14).
-3
Let m(t) = 60*t + 53. Calculate m(-1).
-7
Let g(r) = 2*r + 7. Determine g(-6).
-5
Let p(n) = -n**2 - 19*n - 93. What is p(-10)?
-3
Let z(f) = f**2 + 2*f - 3. Calculate z(-5).
12
Let r(a) = 2*a**3 + 4*a**2 - 11*a - 1. What is r(2)?
9
Let l(q) = 43*q**2 - 4*q - 3. What is l(-1)?
44
Let u(h) = -h**2 + 12*h + 180. Calculate u(-8).
20
Let t(b) = 3*b + 14. Give t(10).
44
Let j(r) = r**3 + 4*r**2 + 5*r + 4. Calculate j(-5).
-46
Let a(h) = 2*h**3 - 5*h**2 + 3*h. Calculate a(3).
18
Let m(t) = -83*t**3 - 3*t**2 + t + 2. What is m(-1)?
81
Let r(g) = g**3 - 27*g**2 + 28*g - 65. Give r(26).
-13
Let t(g) = 2*g**2 - g - 13. Determine t(3).
2
Let g(o) = -o**2 + 12*o + 12. Give g(13).
-1
Let r(p) = 25*p**3 + p. What is r(-1)?
-26
Let x(z) = 4*z**2 + 13*z + 15. What is x(-4)?
27
Let b(y) = -y**2 + 8*y + 2. Determine b(-2).
-18
Let c(w) = -2*w**3 + 28*w**2 + 30*w + 1. Calculate c(15).
1
Let o(x) = -x + 28. Give o(11).
17
Let h(t) = -18*t**2 - t + 1. What is h(-1)?
-16
Let i(r) = -r**2 - 12*r + 41. Give i(3).
-4
Let a(d) = d**3 - 11*d**2 + 3*d - 5. What is a(11)?
28
Let g(m) = -m**2 - 22*m - 101. Calculate g(-13).
16
Let k(b) = b**3 - 8*b**2 - 8*b + 73. What is k(8)?
9
Let i(p) = -3*p - 4. Calculate i(-9).
23
Let h(k) = -4*k + 135. Determine h(31).
11
Let t(w) = -w**3 - 10*w**2 - 13*w + 4. Calculate t(-9).
40
Let n(w) = -5*w**2 + 64*w + 2. Calculate n(12).
50
Let t(p) = p**3 + 3*p**2 - 6*p. What is t(-4)?
8
Let g(x) = -2*x**2 + x. What is g(4)?
-28
Let q(i) = -13*i - 66. Determine q(-5).
-1
Let j(m) = m**2 - 21*m - 19. Calculate j(20).
-39
Let n(v) = v**3 + 8*v**2 - 2*v - 10. Give n(-8).
6
Let d(z) = 5*z**2 + 2*z + 4. What is d(-2)?
20
Let w(s) = -s**3 - 4*s**2 + 4*s - 6. Determine w(-5).
-1
Let x(p) = -6*p + 87. Determine x(14).
3
Let k(t) = t**3 + 2*t**2 - 12*t + 1. What is k(-5)?
-14
Let l(w) = -w**3 + 11*w**2 - 11*w + 14. Determine l(10).
4
Let f(y) = y**2 - 9*y - 199. What is f(19)?
-9
Let r(v) = -v**2 + 2. Determine r(-4).
-14
Let h(q) = -q**3 - 17*q**2 - 29*q + 18. Give h(-15).
3
Let w(p) = 2*p**3 - 5*p + 2. What is w(3)?
41
Let q(l) = -2*l**3 + 5*l**2 - 6*l + 13. Determine q(3).
-14
Let r(n) = -n**3 - 11*n**2 - 15*n - 5. What is r(-8)?
-77
Let p(h) = h**2 - 17*h + 37. Calculate p(12).
-23
Let c(b) = -11*b + 47. Calculate c(5).
-8
Let s(r) = -r - 79. Give s(-14).
-65
Let m(x) = -x**3 - 16*x**2 + 17*x + 6. Give m(-17).
6
Let a(p) = p**2 + 13*p + 2. Calculate a(-12).
-10
Let v(r) = 3*r**2 - 13*r - 21. Give v(-2).
17
Let r(h) = 2*h**2 + 8*h + 10. Determine r(-1).
4
Let f(a) = -a**3 - 16*a**2 - 31*a + 14. Calculate f(-14).
56
Let g(f) = -2*f**2 - 14*f - 8. What is g(-10)?
-68
Let f(g) = -g**3 + 6*g**2 - g + 3. Calculate f(5).
23
Let f(o) = -2*o**2 + 34*o - 53. Give f(16).
-21
Let q(a) = -a**3 + 15*a**2 - 15*a + 6. Calculate q(14).
-8
Let h(j) = -11*j - 8. Determine h(-3).
25
Let h(f) = -8*f. Determine h(-2).
16
Let p(o) = -2*o - 15. Determine p(-6).
-3
Let a(t) = -t**2 + 14*t - 17. Calculate a(11).
16
Let x(b) = b**2 - 13*b + 16. What is x(13)?
16
Let a(z) = z**3 + 7*z**2 + 10*z + 20. Determine a(-6).
-4
Let f(l) = l**3 + 6*l**2 - 26*l + 7. Calculate f(-9).
-2
Let a(t) = t**3 + 12*t**2 - 14*t - 6. Give a(-13).
7
Let t(g) = g**3 + g**2 - 3*g + 2. Calculate t(-3).
-7
Let y(s) = -8*s - 2. Give y(5).
-42
Let n(r) = -r**2 + 4*r - 3. Calculate n(6).
-15
Let z(h) = 12*h + 63. Give z(-5).
3
Let f(g) = -3*g - 76. What is f(-15)?
-31
Let x(q) = -q**2 +